{"id":209,"date":"2020-07-19T07:13:43","date_gmt":"2020-07-19T05:13:43","guid":{"rendered":"http:\/\/www.dominican-larimar.com\/?page_id=209"},"modified":"2020-10-03T21:52:03","modified_gmt":"2020-10-04T01:52:03","slug":"propiedades-del-larimar","status":"publish","type":"page","link":"https:\/\/www.dominican-larimar.com\/index.php\/propiedades-del-larimar\/","title":{"rendered":"Propiedades del Larimar"},"content":{"rendered":"\n<p>Se le atribuyen numerosas propiedades al Larimar. <br>Sea bajo su primer nombre \u00abTravelina\u00bb o luego \u00abLarimar\u00bb,  la <em>piedra del Amor<\/em> o la <em>piedra del Atlanto<\/em> como algunos la llaman, <a href=\"https:\/\/www.dominican-larimar.com\/index.php\/historia-del-larimar\/\">lleva en ella el poder de 35 000 a\u00f1os de historia<\/a>&#8230;<\/p>\n\n\n\n<p>Se dice que el Larimar es una <strong>piedra de superaci\u00f3n<\/strong>. Se utiliza para superar los <strong>miedos a hospitales, m\u00e9dicos, cirug\u00edas, inyecciones<\/strong>, etc. <\/p>\n\n\n\n<div class=\"wp-block-image\"><figure class=\"alignleft size-large is-resized\"><img fetchpriority=\"high\" decoding=\"async\" src=\"https:\/\/www.dominican-larimar.com\/wp-content\/uploads\/2020\/07\/dominican-larimar-jorge-luis-feliz-55-e1595363971900.jpeg\" alt=\"dominican larimar jorge luis feliz\" class=\"wp-image-113\" width=\"288\" height=\"323\" srcset=\"https:\/\/www.dominican-larimar.com\/wp-content\/uploads\/2020\/07\/dominican-larimar-jorge-luis-feliz-55-e1595363971900.jpeg 576w, https:\/\/www.dominican-larimar.com\/wp-content\/uploads\/2020\/07\/dominican-larimar-jorge-luis-feliz-55-e1595363971900-268x300.jpeg 268w\" sizes=\"(max-width: 288px) 100vw, 288px\" \/><\/figure><\/div>\n\n\n\n<p>Es una piedra maravillosa para aquellas <strong>madres que se encuentran gestando<\/strong>, y para las que ya han dado a luz, ya que <strong>ayuda a aliviar la depresi\u00f3n postparto y relaja el estr\u00e9s causado por la maternidad<\/strong>.<\/p>\n\n\n\n<blockquote class=\"wp-block-quote has-text-align-center\"><p>La \u00abPiedra del Amor\u00bb<\/p><\/blockquote>\n\n\n\n<p>Al ser una <strong>piedra de agua<\/strong>, proporciona <strong>calma<\/strong>, y ayuda a enfriar los \u00e1nimos calientes. <br>Se puede utilizar para <strong>disminuir los sofocos<\/strong> y para <strong>relajar los ambientes tensos<\/strong>.<\/p>\n\n\n\n<p><strong>Esta piedra es ideal para encontrar a tu alma gemela<\/strong>. <\/p>\n\n\n\n<p>De hecho, en Rep\u00fablica DOminicana solemos llamarla \u00ab<strong>la piedra del amor<\/strong>\u00ab.<\/p>\n\n\n\n<p>Facilita la resoluci\u00f3n de problemas y miedos que aun est\u00e1n presentes, traumas amorosos o relaciones del pasado que aun le atormentan.<\/p>\n\n\n\n<div style=\"height:20px\" aria-hidden=\"true\" class=\"wp-block-spacer\"><\/div>\n\n\n\n<h2 class=\"wp-block-heading\">Propiedades de sanaci\u00f3n f\u00edsica<\/h2>\n\n\n\n<div class=\"wp-block-image\"><figure class=\"alignright size-medium\"><img decoding=\"async\" width=\"225\" height=\"300\" src=\"https:\/\/www.dominican-larimar.com\/wp-content\/uploads\/2020\/07\/Dominican-Larimar-1001-35-225x300.jpg\" alt=\"Dominican Larimar Jorge Luis Feliz\" class=\"wp-image-539\" srcset=\"https:\/\/www.dominican-larimar.com\/wp-content\/uploads\/2020\/07\/Dominican-Larimar-1001-35-225x300.jpg 225w, https:\/\/www.dominican-larimar.com\/wp-content\/uploads\/2020\/07\/Dominican-Larimar-1001-35.jpg 720w\" sizes=\"(max-width: 225px) 100vw, 225px\" \/><\/figure><\/div>\n\n\n\n<p>La piedra de Larimar sirve para <strong>tratar condiciones respiratorias<\/strong>; disuelve los bloqueos nasales, de la cabeza, el cuello y el pecho. Si padece de dolores en las articulaciones puede colocarla sobre ellas.<\/p>\n\n\n\n<p>Esta piedra es ideal para descifrar los puntos de presi\u00f3n dolorosos que se encuentran en el cuerpo y ayuda a eliminar las dolencias y enfermedades. Esta roca <strong>se puede utilizar como un tratamiento alternativo donde se requiera del uso del agua, luz o calor<\/strong>.<\/p>\n\n\n\n<p>El Larimar ayuda a mejorar los trastornos bipolares, alivia la presi\u00f3n arterial alta y las energ\u00edas excesivas que se encuentren en el cuerpo como infecciones, fiebre e inflamaci\u00f3n.<\/p>\n\n\n\n<p>Esta piedra se puede utilizar para tratar <strong>trastornos de la piel<\/strong> que se compliquen por el estr\u00e9s, tales como erupciones cut\u00e1neas, uricaria, psoriasis, etc.<\/p>\n\n\n\n<div style=\"height:20px\" aria-hidden=\"true\" class=\"wp-block-spacer\"><\/div>\n\n\n\n<h2 class=\"wp-block-heading\">Propiedades de sanaci\u00f3n emocional<\/h2>\n\n\n\n<p>El Larimar ayuda a identificar las limitaciones impuestas y el comportamiento auto saboteador. Es una piedra \u00fatil para admitir culpa y produce paz al momento de decir la verdad. <strong>Es una roca poderosa, con un poder sanador, limpiador y controlador<\/strong> en especial para <strong>fobias<\/strong>, <strong>ataques de p\u00e1nico y desequilibrios emocionales<\/strong>.<\/p>\n\n\n\n<p>Es una piedra que ayuda a derribar muros emocionales y permite que los sentimientos sean expresados de forma sincera y profunda. <br>Tambi\u00e9n ayuda a reconectarse con el estado interior lleno de alegr\u00eda e infantilismo.<\/p>\n\n\n\n<div style=\"height:20px\" aria-hidden=\"true\" class=\"wp-block-spacer\"><\/div>\n\n\n\n<h2 class=\"wp-block-heading\">Propiedades de Chackras y energ\u00eda de equilibrio<\/h2>\n\n\n\n<p>La piedra Larimar es una piedra que atrae beneficios <strong>al chackra de la garganta abriendo caminos a una comunicaci\u00f3n clara y sincera<\/strong>.<\/p>\n\n\n\n<div style=\"height:20px\" aria-hidden=\"true\" class=\"wp-block-spacer\"><\/div>\n\n\n\n<h2 class=\"wp-block-heading\">Propiedades espirituales<\/h2>\n\n\n\n<div class=\"wp-block-image\"><figure class=\"alignleft size-medium is-resized\"><img decoding=\"async\" src=\"https:\/\/www.dominican-larimar.com\/wp-content\/uploads\/2020\/07\/Dominican-Larimar-1001-26-300x300.jpg\" alt=\"Dominican Larimar Jorge Luis Feliz\" class=\"wp-image-531\" width=\"150\" height=\"150\" srcset=\"https:\/\/www.dominican-larimar.com\/wp-content\/uploads\/2020\/07\/Dominican-Larimar-1001-26-300x300.jpg 300w, https:\/\/www.dominican-larimar.com\/wp-content\/uploads\/2020\/07\/Dominican-Larimar-1001-26-150x150.jpg 150w, https:\/\/www.dominican-larimar.com\/wp-content\/uploads\/2020\/07\/Dominican-Larimar-1001-26-768x768.jpg 768w, https:\/\/www.dominican-larimar.com\/wp-content\/uploads\/2020\/07\/Dominican-Larimar-1001-26.jpg 960w\" sizes=\"(max-width: 150px) 100vw, 150px\" \/><\/figure><\/div>\n\n\n\n<p>Esta piedra se encuentra conectado a&nbsp;<strong>las energ\u00edas de la diosa del mar y el cielo<\/strong>.<br>El Larimar es una piedra que permite que l<strong>as mujeres reajusten su feminidad y se conecten con la naturaleza<\/strong>.<br>Ayuda a invocar la diosa interior de las mujeres elevando el amor propio y sus prop\u00f3sitos de la vida.<br>Tambi\u00e9n ayuda a&nbsp;<strong>los hombres a conectarse con su naturaleza intuitiva y receptiva<\/strong>.<\/p>\n\n\n\n<div style=\"height:20px\" aria-hidden=\"true\" class=\"wp-block-spacer\"><\/div>\n\n\n\n<h2 class=\"wp-block-heading\">El Larimar, para qui\u00e9n?<\/h2>\n\n\n\n<p><strong>El Larimar luce sobre todos los colores de pieles<\/strong>. Desde la m\u00e1s blanca hasta la mas negra, el Larimar contrasta y embellece qui\u00e9n la lleva.<br>Una de las mejores asociaciones de colores que se pueda hacer siendo el&nbsp;<strong>azul con el color de la piel bronceada<\/strong>, el color de la piedra resaltar\u00e1 a\u00fan m\u00e1s con una piel morena. <br>Encontrar\u00e1n a menudo joyas de Larimar asociado en \u00abHappy Hour\u00bb con otros materiales t\u00edpicos de la Rep\u00fablica dominicana como&nbsp;<strong>el \u00e1mbar<\/strong>.<\/p>\n","protected":false},"excerpt":{"rendered":"<p>Se le atribuyen numerosas propiedades al Larimar. Sea bajo su primer nombre \u00abTravelina\u00bb o luego \u00abLarimar\u00bb, la piedra del Amor o la piedra del Atlanto como algunos la llaman, lleva en ella el poder de 35 000 a\u00f1os de historia&#8230; Se dice que el Larimar es una piedra de superaci\u00f3n. Se utiliza para superar los &hellip;<\/p>\n<p class=\"read-more\"> <a class=\"\" href=\"https:\/\/www.dominican-larimar.com\/index.php\/propiedades-del-larimar\/\"> <span class=\"screen-reader-text\">Propiedades del Larimar<\/span> Leer m\u00e1s &raquo;<\/a><\/p>\n","protected":false},"author":1,"featured_media":0,"parent":0,"menu_order":0,"comment_status":"closed","ping_status":"closed","template":"","meta":{"_uag_custom_page_level_css":"","ngg_post_thumbnail":0},"yoast_head":"<!-- This site is optimized with the Yoast SEO plugin v21.8.1 - https:\/\/yoast.com\/wordpress\/plugins\/seo\/ -->\n<title>Propiedades del Larimar - Dominican-Larimar.com<\/title>\n<meta name=\"description\" content=\"Propiedades de la piedra Larimar de la Rep. Dominicana. Comprar prendas de bisuter\u00eda con Larimar. Collares, anillos, pendientes para Pandora\" \/>\n<meta name=\"robots\" content=\"index, follow, max-snippet:-1, max-image-preview:large, max-video-preview:-1\" \/>\n<link rel=\"canonical\" href=\"https:\/\/www.dominican-larimar.com\/index.php\/propiedades-del-larimar\/\" \/>\n<meta property=\"og:locale\" content=\"es_ES\" \/>\n<meta property=\"og:type\" content=\"article\" \/>\n<meta property=\"og:title\" content=\"Propiedades del Larimar - Dominican-Larimar.com\" \/>\n<meta property=\"og:description\" content=\"Propiedades de la piedra Larimar de la Rep. Dominicana. Comprar prendas de bisuter\u00eda con Larimar. Collares, anillos, pendientes para Pandora\" \/>\n<meta property=\"og:url\" content=\"https:\/\/www.dominican-larimar.com\/index.php\/propiedades-del-larimar\/\" \/>\n<meta property=\"og:site_name\" content=\"Dominican-Larimar.com\" \/>\n<meta property=\"article:modified_time\" content=\"2020-10-04T01:52:03+00:00\" \/>\n<meta property=\"og:image\" content=\"https:\/\/www.dominican-larimar.com\/wp-content\/uploads\/2020\/07\/dominican-larimar-jorge-luis-feliz-55-e1595363971900.jpeg\" \/>\n<meta name=\"twitter:card\" content=\"summary_large_image\" \/>\n<meta name=\"twitter:label1\" content=\"Est. reading time\" \/>\n\t<meta name=\"twitter:data1\" content=\"3 minutos\" \/>\n<script type=\"application\/ld+json\" class=\"yoast-schema-graph\">{\"@context\":\"https:\/\/schema.org\",\"@graph\":[{\"@type\":\"WebPage\",\"@id\":\"https:\/\/www.dominican-larimar.com\/index.php\/propiedades-del-larimar\/\",\"url\":\"https:\/\/www.dominican-larimar.com\/index.php\/propiedades-del-larimar\/\",\"name\":\"Propiedades del Larimar - Dominican-Larimar.com\",\"isPartOf\":{\"@id\":\"https:\/\/www.dominican-larimar.com\/index.php\/fr\/accueil\/#website\"},\"datePublished\":\"2020-07-19T05:13:43+00:00\",\"dateModified\":\"2020-10-04T01:52:03+00:00\",\"description\":\"Propiedades de la piedra Larimar de la Rep. Dominicana. Comprar prendas de bisuter\u00eda con Larimar. Collares, anillos, pendientes para Pandora\",\"breadcrumb\":{\"@id\":\"https:\/\/www.dominican-larimar.com\/index.php\/propiedades-del-larimar\/#breadcrumb\"},\"inLanguage\":\"es\",\"potentialAction\":[{\"@type\":\"ReadAction\",\"target\":[\"https:\/\/www.dominican-larimar.com\/index.php\/propiedades-del-larimar\/\"]}]},{\"@type\":\"BreadcrumbList\",\"@id\":\"https:\/\/www.dominican-larimar.com\/index.php\/propiedades-del-larimar\/#breadcrumb\",\"itemListElement\":[{\"@type\":\"ListItem\",\"position\":1,\"name\":\"Accueil\",\"item\":\"https:\/\/www.dominican-larimar.com\/\"},{\"@type\":\"ListItem\",\"position\":2,\"name\":\"Propiedades del Larimar\"}]},{\"@type\":\"WebSite\",\"@id\":\"https:\/\/www.dominican-larimar.com\/index.php\/fr\/accueil\/#website\",\"url\":\"https:\/\/www.dominican-larimar.com\/index.php\/fr\/accueil\/\",\"name\":\"Dominican-Larimar.com\",\"description\":\"Larimar de la Rep\u00fablica Dominicana\",\"potentialAction\":[{\"@type\":\"SearchAction\",\"target\":{\"@type\":\"EntryPoint\",\"urlTemplate\":\"https:\/\/www.dominican-larimar.com\/index.php\/fr\/accueil\/?s={search_term_string}\"},\"query-input\":\"required name=search_term_string\"}],\"inLanguage\":\"es\"}]}<\/script>\n<!-- \/ Yoast SEO plugin. -->","yoast_head_json":{"title":"Propiedades del Larimar - Dominican-Larimar.com","description":"Propiedades de la piedra Larimar de la Rep. Dominicana. Comprar prendas de bisuter\u00eda con Larimar. Collares, anillos, pendientes para Pandora","robots":{"index":"index","follow":"follow","max-snippet":"max-snippet:-1","max-image-preview":"max-image-preview:large","max-video-preview":"max-video-preview:-1"},"canonical":"https:\/\/www.dominican-larimar.com\/index.php\/propiedades-del-larimar\/","og_locale":"es_ES","og_type":"article","og_title":"Propiedades del Larimar - Dominican-Larimar.com","og_description":"Propiedades de la piedra Larimar de la Rep. Dominicana. Comprar prendas de bisuter\u00eda con Larimar. Collares, anillos, pendientes para Pandora","og_url":"https:\/\/www.dominican-larimar.com\/index.php\/propiedades-del-larimar\/","og_site_name":"Dominican-Larimar.com","article_modified_time":"2020-10-04T01:52:03+00:00","og_image":[{"url":"https:\/\/www.dominican-larimar.com\/wp-content\/uploads\/2020\/07\/dominican-larimar-jorge-luis-feliz-55-e1595363971900.jpeg"}],"twitter_card":"summary_large_image","twitter_misc":{"Est. reading time":"3 minutos"},"schema":{"@context":"https:\/\/schema.org","@graph":[{"@type":"WebPage","@id":"https:\/\/www.dominican-larimar.com\/index.php\/propiedades-del-larimar\/","url":"https:\/\/www.dominican-larimar.com\/index.php\/propiedades-del-larimar\/","name":"Propiedades del Larimar - Dominican-Larimar.com","isPartOf":{"@id":"https:\/\/www.dominican-larimar.com\/index.php\/fr\/accueil\/#website"},"datePublished":"2020-07-19T05:13:43+00:00","dateModified":"2020-10-04T01:52:03+00:00","description":"Propiedades de la piedra Larimar de la Rep. Dominicana. Comprar prendas de bisuter\u00eda con Larimar. Collares, anillos, pendientes para Pandora","breadcrumb":{"@id":"https:\/\/www.dominican-larimar.com\/index.php\/propiedades-del-larimar\/#breadcrumb"},"inLanguage":"es","potentialAction":[{"@type":"ReadAction","target":["https:\/\/www.dominican-larimar.com\/index.php\/propiedades-del-larimar\/"]}]},{"@type":"BreadcrumbList","@id":"https:\/\/www.dominican-larimar.com\/index.php\/propiedades-del-larimar\/#breadcrumb","itemListElement":[{"@type":"ListItem","position":1,"name":"Accueil","item":"https:\/\/www.dominican-larimar.com\/"},{"@type":"ListItem","position":2,"name":"Propiedades del Larimar"}]},{"@type":"WebSite","@id":"https:\/\/www.dominican-larimar.com\/index.php\/fr\/accueil\/#website","url":"https:\/\/www.dominican-larimar.com\/index.php\/fr\/accueil\/","name":"Dominican-Larimar.com","description":"Larimar de la Rep\u00fablica Dominicana","potentialAction":[{"@type":"SearchAction","target":{"@type":"EntryPoint","urlTemplate":"https:\/\/www.dominican-larimar.com\/index.php\/fr\/accueil\/?s={search_term_string}"},"query-input":"required name=search_term_string"}],"inLanguage":"es"}]}},"jetpack_sharing_enabled":true,"uagb_featured_image_src":{"full":false,"thumbnail":false,"medium":false,"medium_large":false,"large":false,"1536x1536":false,"2048x2048":false},"uagb_author_info":{"display_name":"LarimarO","author_link":"https:\/\/www.dominican-larimar.com\/index.php\/author\/lospatos2018\/"},"uagb_comment_info":0,"uagb_excerpt":"Se le atribuyen numerosas propiedades al Larimar. Sea bajo su primer nombre \u00abTravelina\u00bb o luego \u00abLarimar\u00bb, la piedra del Amor o la piedra del Atlanto como algunos la llaman, lleva en ella el poder de 35 000 a\u00f1os de historia&#8230; Se dice que el Larimar es una piedra de superaci\u00f3n. Se utiliza para superar los&hellip;","_links":{"self":[{"href":"https:\/\/www.dominican-larimar.com\/index.php\/wp-json\/wp\/v2\/pages\/209"}],"collection":[{"href":"https:\/\/www.dominican-larimar.com\/index.php\/wp-json\/wp\/v2\/pages"}],"about":[{"href":"https:\/\/www.dominican-larimar.com\/index.php\/wp-json\/wp\/v2\/types\/page"}],"author":[{"embeddable":true,"href":"https:\/\/www.dominican-larimar.com\/index.php\/wp-json\/wp\/v2\/users\/1"}],"replies":[{"embeddable":true,"href":"https:\/\/www.dominican-larimar.com\/index.php\/wp-json\/wp\/v2\/comments?post=209"}],"version-history":[{"count":13,"href":"https:\/\/www.dominican-larimar.com\/index.php\/wp-json\/wp\/v2\/pages\/209\/revisions"}],"predecessor-version":[{"id":805,"href":"https:\/\/www.dominican-larimar.com\/index.php\/wp-json\/wp\/v2\/pages\/209\/revisions\/805"}],"wp:attachment":[{"href":"https:\/\/www.dominican-larimar.com\/index.php\/wp-json\/wp\/v2\/media?parent=209"}],"curies":[{"name":"wp","href":"https:\/\/api.w.org\/{rel}","templated":true}]}}